{"id":182,"date":"2024-12-12T22:39:18","date_gmt":"2024-12-12T22:39:18","guid":{"rendered":"https:\/\/geneva-residence-paprika.ms2.decms.eu\/mentions-legales\/"},"modified":"2025-10-02T08:00:47","modified_gmt":"2025-10-02T08:00:47","slug":"aviso-legal","status":"publish","type":"page","link":"https:\/\/www.geneva-residence.fr\/es\/aviso-legal\/","title":{"rendered":"Aviso Legal"},"content":{"rendered":"<p><b>De conformidad con el art\u00edculo L. 612-1 del C\u00f3digo de Consumo franc\u00e9s<\/b><span style=\"font-weight: 400;\">, el consumidor, sujeto a lo dispuesto en el art\u00edculo L. 612-2 del mismo c\u00f3digo, tiene la posibilidad de presentar una solicitud de resoluci\u00f3n amistosa mediante mediaci\u00f3n, dentro de un plazo inferior a un a\u00f1o a partir de la reclamaci\u00f3n escrita presentada al profesional.<\/span><\/p>\n<p><b>GENEVA RESIDENCE<\/b><span style=\"font-weight: 400;\"> ha designado, mediante adhesi\u00f3n registrada con el n\u00famero <\/span><b>15763\/VM\/2501<\/b><span style=\"font-weight: 400;\">, a <\/span><b>SAS M\u00e9diation Solution<\/b><span style=\"font-weight: 400;\"> como entidad de mediaci\u00f3n de consumo.<\/span><\/p>\n<p><span style=\"font-weight: 400;\">Para contactar al mediador, el consumidor debe presentar su solicitud:<\/span><\/p>\n<ul>\n<li style=\"font-weight: 400;\" aria-level=\"1\"><span style=\"font-weight: 400;\">Por escrito a:<\/span><span style=\"font-weight: 400;\"><br \/>\n<\/span><b>SAS M\u00e9diation Solution<\/b><span style=\"font-weight: 400;\"><br \/>\n<\/span><span style=\"font-weight: 400;\">222 chemin de la Bergerie<\/span><span style=\"font-weight: 400;\"><br \/>\n<\/span><span style=\"font-weight: 400;\">01800 Saint Jean de Niost \u2013 Francia<\/span><\/li>\n<li style=\"font-weight: 400;\" aria-level=\"1\"><span style=\"font-weight: 400;\">Por correo electr\u00f3nico a:<\/span><span style=\"font-weight: 400;\"><br \/>\n<\/span><b>contact@sasmediationsolution-conso.fr<\/b><\/li>\n<li style=\"font-weight: 400;\" aria-level=\"1\"><span style=\"font-weight: 400;\">O completando el formulario en l\u00ednea titulado <\/span><b>\u00abSaisir le m\u00e9diateur\u00bb<\/b><span style=\"font-weight: 400;\"> en el sitio web:<\/span><span style=\"font-weight: 400;\"><br \/>\n<\/span><a href=\"https:\/\/www.sasmediationsolution-conso.fr\"><span style=\"font-weight: 400;\">https:\/\/www.sasmediationsolution-conso.fr<\/span><\/a><\/li>\n<\/ul>\n<p><span style=\"font-weight: 400;\">Sea cual sea el medio utilizado para presentar la solicitud, esta debe <\/span><b>incluir obligatoriamente<\/b><span style=\"font-weight: 400;\">:<\/span><\/p>\n<ul>\n<li style=\"font-weight: 400;\" aria-level=\"1\"><span style=\"font-weight: 400;\">Los datos postales, telef\u00f3nicos y electr\u00f3nicos del solicitante,<\/span><\/li>\n<li style=\"font-weight: 400;\" aria-level=\"1\"><span style=\"font-weight: 400;\">El nombre, direcci\u00f3n y n\u00famero de registro del profesional en SAS M\u00e9diation Solution,<\/span><\/li>\n<li style=\"font-weight: 400;\" aria-level=\"1\"><span style=\"font-weight: 400;\">Una breve exposici\u00f3n de los hechos,<\/span><\/li>\n<li style=\"font-weight: 400;\" aria-level=\"1\"><span style=\"font-weight: 400;\">Una copia de la reclamaci\u00f3n previa,<\/span><\/li>\n<li style=\"font-weight: 400;\" aria-level=\"1\"><span style=\"font-weight: 400;\">Todos los documentos necesarios para el an\u00e1lisis del caso (orden de pedido, factura, comprobante de pago, etc.).<\/span><\/li>\n<\/ul>\n<p>&nbsp;<\/p>\n","protected":false},"excerpt":{"rendered":"<p>De conformidad con el art\u00edculo L. 612-1 del C\u00f3digo de Consumo franc\u00e9s, el consumidor, sujeto a lo dispuesto en el art\u00edculo L. 612-2 del mismo c\u00f3digo, tiene la posibilidad de presentar una solicitud de resoluci\u00f3n amistosa mediante mediaci\u00f3n, dentro de un plazo inferior a un a\u00f1o a partir de la reclamaci\u00f3n escrita presentada al profesional. [&hellip;]<\/p>\n","protected":false},"author":192,"featured_media":0,"parent":0,"menu_order":0,"comment_status":"closed","ping_status":"closed","template":"","meta":{"footnotes":""},"class_list":["post-182","page","type-page","status-publish","hentry"],"yoast_head":"<!-- This site is optimized with the Yoast SEO plugin v27.3 - https:\/\/yoast.com\/product\/yoast-seo-wordpress\/ -->\n<title>Aviso Legal - Geneva Residence -<\/title>\n<meta name=\"description\" content=\"De conformidad con el art\u00edculo L. 612-1 del C\u00f3digo de Consumo franc\u00e9s, el consumidor, sujeto a lo dispuesto en el art\u00edculo L\" \/>\n<meta name=\"robots\" content=\"index, follow, max-snippet:-1, max-image-preview:large, max-video-preview:-1\" \/>\n<link rel=\"canonical\" href=\"https:\/\/www.geneva-residence.fr\/es\/aviso-legal\/\" \/>\n<meta property=\"og:locale\" content=\"es_ES\" \/>\n<meta property=\"og:type\" content=\"article\" \/>\n<meta property=\"og:title\" content=\"Aviso Legal - Geneva Residence -\" \/>\n<meta property=\"og:description\" content=\"De conformidad con el art\u00edculo L. 612-1 del C\u00f3digo de Consumo franc\u00e9s, el consumidor, sujeto a lo dispuesto en el art\u00edculo L\" \/>\n<meta property=\"og:url\" content=\"https:\/\/www.geneva-residence.fr\/es\/aviso-legal\/\" \/>\n<meta property=\"og:site_name\" content=\"Geneva Residence\" \/>\n<meta property=\"article:modified_time\" content=\"2025-10-02T08:00:47+00:00\" \/>\n<meta name=\"twitter:card\" content=\"summary_large_image\" \/>\n<meta name=\"twitter:label1\" content=\"Tiempo de lectura\" \/>\n\t<meta name=\"twitter:data1\" content=\"1 minuto\" \/>\n<script type=\"application\/ld+json\" class=\"yoast-schema-graph\">{\"@context\":\"https:\\\/\\\/schema.org\",\"@graph\":[{\"@type\":\"WebPage\",\"@id\":\"https:\\\/\\\/www.geneva-residence.fr\\\/es\\\/aviso-legal\\\/\",\"url\":\"https:\\\/\\\/www.geneva-residence.fr\\\/es\\\/aviso-legal\\\/\",\"name\":\"Aviso Legal - Geneva Residence -\",\"isPartOf\":{\"@id\":\"https:\\\/\\\/www.geneva-residence.fr\\\/es\\\/#website\"},\"datePublished\":\"2024-12-12T22:39:18+00:00\",\"dateModified\":\"2025-10-02T08:00:47+00:00\",\"description\":\"De conformidad con el art\u00edculo L. 612-1 del C\u00f3digo de Consumo franc\u00e9s, el consumidor, sujeto a lo dispuesto en el art\u00edculo L\",\"breadcrumb\":{\"@id\":\"https:\\\/\\\/www.geneva-residence.fr\\\/es\\\/aviso-legal\\\/#breadcrumb\"},\"inLanguage\":\"es\",\"potentialAction\":[{\"@type\":\"ReadAction\",\"target\":[\"https:\\\/\\\/www.geneva-residence.fr\\\/es\\\/aviso-legal\\\/\"]}]},{\"@type\":\"BreadcrumbList\",\"@id\":\"https:\\\/\\\/www.geneva-residence.fr\\\/es\\\/aviso-legal\\\/#breadcrumb\",\"itemListElement\":[{\"@type\":\"ListItem\",\"position\":1,\"name\":\"Home\",\"item\":\"https:\\\/\\\/www.geneva-residence.fr\\\/es\\\/\"},{\"@type\":\"ListItem\",\"position\":2,\"name\":\"Aviso Legal\"}]},{\"@type\":\"WebSite\",\"@id\":\"https:\\\/\\\/www.geneva-residence.fr\\\/es\\\/#website\",\"url\":\"https:\\\/\\\/www.geneva-residence.fr\\\/es\\\/\",\"name\":\"Geneva Residence\",\"description\":\"\",\"publisher\":{\"@id\":\"https:\\\/\\\/www.geneva-residence.fr\\\/es\\\/#organization\"},\"potentialAction\":[{\"@type\":\"SearchAction\",\"target\":{\"@type\":\"EntryPoint\",\"urlTemplate\":\"https:\\\/\\\/www.geneva-residence.fr\\\/es\\\/?s={search_term_string}\"},\"query-input\":{\"@type\":\"PropertyValueSpecification\",\"valueRequired\":true,\"valueName\":\"search_term_string\"}}],\"inLanguage\":\"es\"},{\"@type\":\"Organization\",\"@id\":\"https:\\\/\\\/www.geneva-residence.fr\\\/es\\\/#organization\",\"name\":\"Geneva Residence\",\"url\":\"https:\\\/\\\/www.geneva-residence.fr\\\/es\\\/\",\"logo\":{\"@type\":\"ImageObject\",\"inLanguage\":\"es\",\"@id\":\"https:\\\/\\\/www.geneva-residence.fr\\\/es\\\/#\\\/schema\\\/logo\\\/image\\\/\",\"url\":\"https:\\\/\\\/geneva-residence-paprika.ms2.decms.eu\\\/wp-content\\\/uploads\\\/sites\\\/183\\\/2024\\\/12\\\/Logo-pour-en-tete-1.png\",\"contentUrl\":\"https:\\\/\\\/geneva-residence-paprika.ms2.decms.eu\\\/wp-content\\\/uploads\\\/sites\\\/183\\\/2024\\\/12\\\/Logo-pour-en-tete-1.png\",\"width\":2200,\"height\":795,\"caption\":\"Geneva Residence\"},\"image\":{\"@id\":\"https:\\\/\\\/www.geneva-residence.fr\\\/es\\\/#\\\/schema\\\/logo\\\/image\\\/\"}}]}<\/script>\n<!-- \/ Yoast SEO plugin. -->","yoast_head_json":{"title":"Aviso Legal - Geneva Residence -","description":"De conformidad con el art\u00edculo L. 612-1 del C\u00f3digo de Consumo franc\u00e9s, el consumidor, sujeto a lo dispuesto en el art\u00edculo L","robots":{"index":"index","follow":"follow","max-snippet":"max-snippet:-1","max-image-preview":"max-image-preview:large","max-video-preview":"max-video-preview:-1"},"canonical":"https:\/\/www.geneva-residence.fr\/es\/aviso-legal\/","og_locale":"es_ES","og_type":"article","og_title":"Aviso Legal - Geneva Residence -","og_description":"De conformidad con el art\u00edculo L. 612-1 del C\u00f3digo de Consumo franc\u00e9s, el consumidor, sujeto a lo dispuesto en el art\u00edculo L","og_url":"https:\/\/www.geneva-residence.fr\/es\/aviso-legal\/","og_site_name":"Geneva Residence","article_modified_time":"2025-10-02T08:00:47+00:00","twitter_card":"summary_large_image","twitter_misc":{"Tiempo de lectura":"1 minuto"},"schema":{"@context":"https:\/\/schema.org","@graph":[{"@type":"WebPage","@id":"https:\/\/www.geneva-residence.fr\/es\/aviso-legal\/","url":"https:\/\/www.geneva-residence.fr\/es\/aviso-legal\/","name":"Aviso Legal - Geneva Residence -","isPartOf":{"@id":"https:\/\/www.geneva-residence.fr\/es\/#website"},"datePublished":"2024-12-12T22:39:18+00:00","dateModified":"2025-10-02T08:00:47+00:00","description":"De conformidad con el art\u00edculo L. 612-1 del C\u00f3digo de Consumo franc\u00e9s, el consumidor, sujeto a lo dispuesto en el art\u00edculo L","breadcrumb":{"@id":"https:\/\/www.geneva-residence.fr\/es\/aviso-legal\/#breadcrumb"},"inLanguage":"es","potentialAction":[{"@type":"ReadAction","target":["https:\/\/www.geneva-residence.fr\/es\/aviso-legal\/"]}]},{"@type":"BreadcrumbList","@id":"https:\/\/www.geneva-residence.fr\/es\/aviso-legal\/#breadcrumb","itemListElement":[{"@type":"ListItem","position":1,"name":"Home","item":"https:\/\/www.geneva-residence.fr\/es\/"},{"@type":"ListItem","position":2,"name":"Aviso Legal"}]},{"@type":"WebSite","@id":"https:\/\/www.geneva-residence.fr\/es\/#website","url":"https:\/\/www.geneva-residence.fr\/es\/","name":"Geneva Residence","description":"","publisher":{"@id":"https:\/\/www.geneva-residence.fr\/es\/#organization"},"potentialAction":[{"@type":"SearchAction","target":{"@type":"EntryPoint","urlTemplate":"https:\/\/www.geneva-residence.fr\/es\/?s={search_term_string}"},"query-input":{"@type":"PropertyValueSpecification","valueRequired":true,"valueName":"search_term_string"}}],"inLanguage":"es"},{"@type":"Organization","@id":"https:\/\/www.geneva-residence.fr\/es\/#organization","name":"Geneva Residence","url":"https:\/\/www.geneva-residence.fr\/es\/","logo":{"@type":"ImageObject","inLanguage":"es","@id":"https:\/\/www.geneva-residence.fr\/es\/#\/schema\/logo\/image\/","url":"https:\/\/geneva-residence-paprika.ms2.decms.eu\/wp-content\/uploads\/sites\/183\/2024\/12\/Logo-pour-en-tete-1.png","contentUrl":"https:\/\/geneva-residence-paprika.ms2.decms.eu\/wp-content\/uploads\/sites\/183\/2024\/12\/Logo-pour-en-tete-1.png","width":2200,"height":795,"caption":"Geneva Residence"},"image":{"@id":"https:\/\/www.geneva-residence.fr\/es\/#\/schema\/logo\/image\/"}}]}},"acf":[],"_links":{"self":[{"href":"https:\/\/www.geneva-residence.fr\/es\/wp-json\/wp\/v2\/pages\/182","targetHints":{"allow":["GET"]}}],"collection":[{"href":"https:\/\/www.geneva-residence.fr\/es\/wp-json\/wp\/v2\/pages"}],"about":[{"href":"https:\/\/www.geneva-residence.fr\/es\/wp-json\/wp\/v2\/types\/page"}],"author":[{"embeddable":true,"href":"https:\/\/www.geneva-residence.fr\/es\/wp-json\/wp\/v2\/users\/192"}],"replies":[{"embeddable":true,"href":"https:\/\/www.geneva-residence.fr\/es\/wp-json\/wp\/v2\/comments?post=182"}],"version-history":[{"count":0,"href":"https:\/\/www.geneva-residence.fr\/es\/wp-json\/wp\/v2\/pages\/182\/revisions"}],"wp:attachment":[{"href":"https:\/\/www.geneva-residence.fr\/es\/wp-json\/wp\/v2\/media?parent=182"}],"curies":[{"name":"wp","href":"https:\/\/api.w.org\/{rel}","templated":true}]}}

<p><b>De conformidad con el artículo L. 612-1 del Código de Consumo francés</b><span style="font-weight: 400;">, el consumidor, sujeto a lo dispuesto en el artículo L. 612-2 del mismo código, tiene la posibilidad de presentar una solicitud de resolución amistosa mediante mediación, dentro de un plazo inferior a un año a partir de la reclamación escrita presentada al profesional.</span></p>
<p><b>GENEVA RESIDENCE</b><span style="font-weight: 400;"> ha designado, mediante adhesión registrada con el número </span><b>15763/VM/2501</b><span style="font-weight: 400;">, a </span><b>SAS Médiation Solution</b><span style="font-weight: 400;"> como entidad de mediación de consumo.</span></p>
<p><span style="font-weight: 400;">Para contactar al mediador, el consumidor debe presentar su solicitud:</span></p>
<ul>
<li style="font-weight: 400;" aria-level="1"><span style="font-weight: 400;">Por escrito a:</span><span style="font-weight: 400;"><br />
</span><b>SAS Médiation Solution</b><span style="font-weight: 400;"><br />
</span><span style="font-weight: 400;">222 chemin de la Bergerie</span><span style="font-weight: 400;"><br />
</span><span style="font-weight: 400;">01800 Saint Jean de Niost – Francia</span></li>
<li style="font-weight: 400;" aria-level="1"><span style="font-weight: 400;">Por correo electrónico a:</span><span style="font-weight: 400;"><br />
</span><b>contact@sasmediationsolution-conso.fr</b></li>
<li style="font-weight: 400;" aria-level="1"><span style="font-weight: 400;">O completando el formulario en línea titulado </span><b>«Saisir le médiateur»</b><span style="font-weight: 400;"> en el sitio web:</span><span style="font-weight: 400;"><br />
</span><a href="https://www.sasmediationsolution-conso.fr"><span style="font-weight: 400;">https://www.sasmediationsolution-conso.fr</span></a></li>
</ul>
<p><span style="font-weight: 400;">Sea cual sea el medio utilizado para presentar la solicitud, esta debe </span><b>incluir obligatoriamente</b><span style="font-weight: 400;">:</span></p>
<ul>
<li style="font-weight: 400;" aria-level="1"><span style="font-weight: 400;">Los datos postales, telefónicos y electrónicos del solicitante,</span></li>
<li style="font-weight: 400;" aria-level="1"><span style="font-weight: 400;">El nombre, dirección y número de registro del profesional en SAS Médiation Solution,</span></li>
<li style="font-weight: 400;" aria-level="1"><span style="font-weight: 400;">Una breve exposición de los hechos,</span></li>
<li style="font-weight: 400;" aria-level="1"><span style="font-weight: 400;">Una copia de la reclamación previa,</span></li>
<li style="font-weight: 400;" aria-level="1"><span style="font-weight: 400;">Todos los documentos necesarios para el análisis del caso (orden de pedido, factura, comprobante de pago, etc.).</span></li>
</ul>
<p>&nbsp;</p>

<p>De conformidad con el artículo L. 612-1 del Código de Consumo francés, el consumidor, sujeto a lo dispuesto en el artículo L. 612-2 del mismo código, tiene la posibilidad de presentar una solicitud de resolución amistosa mediante mediación, dentro de un plazo inferior a un año a partir de la reclamación escrita presentada al profesional. [&hellip;]</p>

<!-- This site is optimized with the Yoast SEO plugin v27.3 - https://yoast.com/product/yoast-seo-wordpress/ -->
<title>Aviso Legal - Geneva Residence -</title>
<meta name="description" content="De conformidad con el artículo L. 612-1 del Código de Consumo francés, el consumidor, sujeto a lo dispuesto en el artículo L" />
<meta name="robots" content="index, follow, max-snippet:-1, max-image-preview:large, max-video-preview:-1" />
<link rel="canonical" href="https://www.geneva-residence.fr/es/aviso-legal/" />
<meta property="og:locale" content="es_ES" />
<meta property="og:type" content="article" />
<meta property="og:title" content="Aviso Legal - Geneva Residence -" />
<meta property="og:description" content="De conformidad con el artículo L. 612-1 del Código de Consumo francés, el consumidor, sujeto a lo dispuesto en el artículo L" />
<meta property="og:url" content="https://www.geneva-residence.fr/es/aviso-legal/" />
<meta property="og:site_name" content="Geneva Residence" />
<meta property="article:modified_time" content="2025-10-02T08:00:47+00:00" />
<meta name="twitter:card" content="summary_large_image" />
<meta name="twitter:label1" content="Tiempo de lectura" />
	<meta name="twitter:data1" content="1 minuto" />
<script type="application/ld+json" class="yoast-schema-graph">{"@context":"https:\/\/schema.org","@graph":[{"@type":"WebPage","@id":"https:\/\/www.geneva-residence.fr\/es\/aviso-legal\/","url":"https:\/\/www.geneva-residence.fr\/es\/aviso-legal\/","name":"Aviso Legal - Geneva Residence -","isPartOf":{"@id":"https:\/\/www.geneva-residence.fr\/es\/#website"},"datePublished":"2024-12-12T22:39:18+00:00","dateModified":"2025-10-02T08:00:47+00:00","description":"De conformidad con el artículo L. 612-1 del Código de Consumo francés, el consumidor, sujeto a lo dispuesto en el artículo L","breadcrumb":{"@id":"https:\/\/www.geneva-residence.fr\/es\/aviso-legal\/#breadcrumb"},"inLanguage":"es","potentialAction":[{"@type":"ReadAction","target":["https:\/\/www.geneva-residence.fr\/es\/aviso-legal\/"]}]},{"@type":"BreadcrumbList","@id":"https:\/\/www.geneva-residence.fr\/es\/aviso-legal\/#breadcrumb","itemListElement":[{"@type":"ListItem","position":1,"name":"Home","item":"https:\/\/www.geneva-residence.fr\/es\/"},{"@type":"ListItem","position":2,"name":"Aviso Legal"}]},{"@type":"WebSite","@id":"https:\/\/www.geneva-residence.fr\/es\/#website","url":"https:\/\/www.geneva-residence.fr\/es\/","name":"Geneva Residence","description":"","publisher":{"@id":"https:\/\/www.geneva-residence.fr\/es\/#organization"},"potentialAction":[{"@type":"SearchAction","target":{"@type":"EntryPoint","urlTemplate":"https:\/\/www.geneva-residence.fr\/es\/?s={search_term_string}"},"query-input":{"@type":"PropertyValueSpecification","valueRequired":true,"valueName":"search_term_string"}}],"inLanguage":"es"},{"@type":"Organization","@id":"https:\/\/www.geneva-residence.fr\/es\/#organization","name":"Geneva Residence","url":"https:\/\/www.geneva-residence.fr\/es\/","logo":{"@type":"ImageObject","inLanguage":"es","@id":"https:\/\/www.geneva-residence.fr\/es\/#\/schema\/logo\/image\/","url":"https:\/\/geneva-residence-paprika.ms2.decms.eu\/wp-content\/uploads\/sites\/183\/2024\/12\/Logo-pour-en-tete-1.png","contentUrl":"https:\/\/geneva-residence-paprika.ms2.decms.eu\/wp-content\/uploads\/sites\/183\/2024\/12\/Logo-pour-en-tete-1.png","width":2200,"height":795,"caption":"Geneva Residence"},"image":{"@id":"https:\/\/www.geneva-residence.fr\/es\/#\/schema\/logo\/image\/"}}]}</script>
<!-- / Yoast SEO plugin. -->

De conformidad con el artículo L. 612-1 del Código de Consumo francés, el consumidor, sujeto a lo dispuesto en el artículo L
